at is the remainder when 1656 is divided by (-2 - -117) + (-7)/(-56)*32?
109
Let d be 3/(15/185*1). Suppose -4*a - 2*p + 172 = 0, -5*a + 4*a = -p - d. What is the remainder when a is divided by 33?
8
Suppose -5*t = -7*h + 14615, t - 4022 = -3*h + 2229. Calculate the remainder when h is divided by 72.
69
Let k(m) = -m + 10. Let o be k(4). Suppose -4*a - 6 = -2*r, 4*r = -5*a + 9 + 42. Suppose -o*q + r = -99. Calculate the remainder when 67 is divided by q.
13
Suppose -104*q = -99*q + 5275. Let a = -1030 - q. What is the remainder when a is divided by 7?
4
Calculate the remainder when (21/36 + (-32)/24)/(2/(-9696)) is divided by 7.
3
Let d(w) = w**2 + 3*w + 2. Calculate the remainder when d(-7) is divided by 2/(-28) - 65527/(-3626).
12
Let m = -33 - -54. Let w(u) = -24*u + 1104. What is the remainder when w(43) is divided by m?
9
Suppose -5*r = -4*o - 3780, 2148 = 3*r + 2*o - 142. Suppose -r = -41*i + 31*i. What is the remainder when i is divided by 34?
8
Let j be 2*(9 + 2 + -6). What is the remainder when 65 is divided by (-78)/(-130) + 104/j?
10
Suppose 2*u - 5*y - 22 = 25, 5*y = 4*u - 79. Calculate the remainder when 255 is divided by u.
15
Suppose 54147 + 37159 + 30646 = 296*p. What is the remainder when 856 is divided by p?
32
Let x = -75 + 96. Let t = -994 + 1114. Calculate the remainder when t is divided by x.
15
Suppose 0 = 2*x + k - 127, -4*k + 138 + 4 = 2*x. What is the remainder when 194 is divided by x?
11
Suppose -5*l = 3*z - 217, -2*l + 74 = 26*z - 28*z. What is the remainder when 1720 is divided by l?
39
Let c = -3635 + 3736. Calculate the remainder when c is divided by 36.
29
Suppose 100*c - 22124 = 16476. Calculate the remainder when c is divided by 56.
50
Let l(u) = -99*u + 2577. What is the remainder when 0/(-1) + (2 - -2) is divided by l(26)?
1
Let n be (22/(-8))/(2/(-8)). Let v = n + -7. Suppose -706*a + 1753*a - 12906 = -1294*a - 1201. Calculate the remainder when a is divided by v.
1
Suppose -50*l - 69*l = 1164 - 5448. What is the remainder when 825 is divided by l?
33
Suppose -1742*k + 5482 = -1740*k. What is the remainder when k is divided by 25?
16
Let f(v) = -11*v + 87. Let o(m) = m**3 - 27*m**2 + 26*m + 4. Let x be o(26). What is the remainder when f(x) is divided by 3?
1
Suppose 29 - 93 = -x. Let l = x - 72. What is the remainder when (-33)/(-1) - l/(-2) is divided by 4?
1
Let x(s) be the first derivative of -3*s**4/4 - 14*s**3/3 - 11*s**2/2 - 21*s + 103. What is the remainder when x(-8) is divided by 59?
58
Suppose 5*h = -o + 31211, -3*h + 2*o + 4875 + 13862 = 0. What is the remainder when h is divided by 44?
39
Let q = -72 - -79. Let g = q + 12. Calculate the remainder when 56 is divided by g.
18
Suppose 5*n + 185 = 6*n. Let h = n + -132. Let d(i) = -i**2 - 10*i - 2. Calculate the remainder when h is divided by d(-7).
15
Let x(n) = -3*n**3 + 5*n**2 + 9*n + 42. Let b be x(-5). Let u = -410 + b. Calculate the remainder when 94 is divided by u.
7
Let k = -198 - -214. Suppose -k*p + 333 - 93 = 0. What is the remainder when 87 is divided by p?
12
Let a = -1587 - -1695. What is the remainder when 306 is divided by a?
90
Let s = -248 - -305. Suppose -6*z - s = -267. Calculate the remainder when 88 is divided by z.
18
Let n be (-18)/30 + (-506)/(-10). Let u = -25 + n. Suppose -4*r = -0 - 8, -o + r = -93. What is the remainder when o is divided by u?
20
Suppose 7 = -f + 10. Let b(y) = -y**2 + y + 8. Let d be b(f). Suppose 190 = 5*q + d*z - 60, -z = 0. What is the remainder when q is divided by 27?
23
Let j = -39 - 28. Let g = -49 - j. Calculate the remainder when 122 is divided by g.
14
Suppose 3382 = 4*v + t - 3376, -t = -2*v + 3376. What is the remainder when v is divided by 89?
87
Suppose -3*h + 48 = 3*j, 2*j + 9*h = 10*h + 23. Suppose 56 = j*n - 48. Calculate the remainder when 14 is divided by n.
6
Suppose 7*o - o = 1140. Let x = o - 143. Let k(p) = -p + 17. What is the remainder when x is divided by k(5)?
11
Let c(i) = 43*i**2 + 67*i - 215. What is the remainder when c(3) is divided by 9?
4
Let o = -617 - -617. Suppose -3*y + 6 = o, -y - 202 + 49 = -5*g. Calculate the remainder when g is divided by 9.
4
Let i be (-3)/8*-2 - 17/(-4). Suppose 2*d - i*a = 1 + 7, -5*d + 49 = 2*a. Calculate the remainder when (-138)/621 - 274/(-18) is divided by d.
6
Let i = -6812 - -7607. Calculate the remainder when i is divided by 230.
105
Suppose -2*q + 217 = l, 0 = 5*l + q + 189 - 1247. Let z = l + -202. Suppose 0 = 3*s - 10 - 71. What is the remainder when s is divided by z?
0
Suppose -4 = -2*k, 5*f - k - 94 = -3*k. Suppose 21 - f = r. Suppose 2*p - 26 = -2*i, 3*p + r*i = -p + 51. Calculate the remainder when 203 is divided by p.
11
Let l be (150/(-45))/(1/(-6)). Suppose -2*c - h = -2, 7*h = 5*c + 2*h - l. Calculate the remainder when c is divided by 2.
0
Let k(m) = 2*m**2 - 25*m + 15. Let p be k(19). Suppose 7*q - p = -3. Calculate the remainder when q is divided by 1*(-3 + -1)*-5.
17
Let m = -844 + 875. What is the remainder when m is divided by 6?
1
Let a = -63 - -108. Suppose 0 = -16*k - 1445 + 3509. What is the remainder when k is divided by a?
39
Suppose -4 + 14 = 10*f. Suppose f + 5 = -2*i, 3*s + 4*i + 39 = 0. Calculate the remainder when (-696)/s - 10/(-15) is divided by 27.
24
Let w(p) = 3*p - 28. Suppose -3*f + 5*t - 10 = 0, 2*f - t = t - 4. Let m be w(f). Calculate the remainder when 74 is divided by (1416/m)/(-2) - 6/21.
24
Suppose -6*i - 10 = -3*i - 5*l, -2*i - 5*l = 40. Let n be -2*5*5/i. Suppose 5*x + 47 = 4*j, 5*x = -n*j + 37 - 12. What is the remainder when 12 is divided by j?
4
Let r(t) = -1405*t + 387. What is the remainder when r(0) is divided by 44?
35
Suppose -4*c = -5*m + 92, -9*m + 2*c = -8*m - 16. Suppose -2*s = -0*s - 28. Calculate the remainder when s is divided by (-3)/(-6)*m + -5.
4
Suppose 5*b + 559 = l + 105, -442 = -l + 2*b. Let h(j) = 3*j**3 - 7*j**2 + 23*j. What is the remainder when l is divided by h(3)?
86
Suppose 5*l + 3*w = 18, -5*w + 2 = -5*l + 12. Let h(b) = -b**3 - 17*b**2 + 29*b - 104. What is the remainder when h(-19) is divided by (-20)/(-30) - (-49)/l?
16
Suppose -3*q = -5*b + 374, -b + 74 = -0*b - q. Suppose 11*w + b = -23. Let g(i) = -i + 5. What is the remainder when 97 is divided by g(w)?
13
Let u(x) = -4*x**2 + 11*x**3 - x - 4*x**2 - 6 + 0*x**2 - 10*x**3. Suppose 20*s - 76 = 16*s. What is the remainder when u(9) is divided by s?
9
Let z = -459 + 200. Let c = -235 - z. What is the remainder when 67 is divided by c?
19
Let i be (-2 + 3 - -3) + -24 + 22. Suppose -10*v + 13*v - i*u = 751, 3*u = -4*v + 1007. Calculate the remainder when v is divided by 28.
27
Suppose -785*n + 786*n - 3*i - 83 = 0, -4*i = -4*n + 228. Let v(r) = -20*r**3 - 4*r**2 - 2*r + 2. What is the remainder when v(-2) is divided by n?
18
Suppose v = -2*z + 277, z = -4*v + 59 + 83. What is the remainder when 1101 is divided by z?
135
Let t(h) = h**2 - 15*h + 24. Let x be t(12). What is the remainder when (-582)/x + (-5)/10 is divided by 28?
20
Suppose -2*j = v - 4, -4*v - j = -2*j - 25. What is the remainder when (-1375)/(-9) - ((-312)/(-54) - v) is divided by 10 + 8 + (-8)/2?
13
Suppose 0*y = 4*y + 132. Suppose 7*x + 2 = 6*x. What is the remainder when 57 is divided by (-66)/x + y/11?
27
Let q(b) = 10*b + 144. Let c be q(-14). What is the remainder when (c*11/(-33))/(1/(-105)) is divided by (-72)/(-2) + 0/(-1)?
32
Let n = 7419 - 7412. What is the remainder when 345 is divided by n?
2
Let a(u) = -206*u + 206*u + 15*u**2 - 1. Let l = 84 - 83. Calculate the remainder when 40 is divided by a(l).
12
Let f = -32 + 44. Suppose 58*m - 55*m = f. Calculate the remainder when 9 is divided by m.
1
Let l(b) = b**2 + 35*b + 1821. Calculate the remainder when l(59) is divided by 91.
87
What is the remainder when ((-38)/4)/(24/(-1968)) is divided by 48?
11
Let m(y) = -12*y**2 + y - 4. Let u be m(2). Let r = u + 77. What is the remainder when 67 is divided by (r/(-12))/9*-92?
21
Let j = 279 - 109. Suppose 20*d - 15*d = j. Suppose 79*g - 78*g = d. What is the remainder when g is divided by 18?
16
Let j = -19 - -27. Let y(a) = -a**3 + 38*a**2 - 75*a + 114. Let b be y(36). Suppose -j*x + 34 = -b*x. What is the remainder when 31 is divided by x?
14
Let h(n) = n**3 + n**2 - 16*n + 8. Let g be h(6). Let c = 177 - g. Calculate the remainde